{"id":370,"date":"2026-01-28T13:18:07","date_gmt":"2026-01-28T13:18:07","guid":{"rendered":"https:\/\/patriciaberenguer.com\/?page_id=370"},"modified":"2026-01-28T13:24:44","modified_gmt":"2026-01-28T13:24:44","slug":"aviso-legal","status":"publish","type":"page","link":"https:\/\/patriciaberenguer.com\/en\/aviso-legal\/","title":{"rendered":"AVISO LEGAL"},"content":{"rendered":"<p>[et_pb_section fb_built=\u00bb1&#8243; admin_label=\u00bbsection\u00bb _builder_version=\u00bb4.27.5&#8243; background_color=\u00bb#F7F2EF\u00bb global_colors_info=\u00bb{}\u00bb][et_pb_row admin_label=\u00bbrow\u00bb _builder_version=\u00bb4.27.5&#8243; background_enable_color=\u00bboff\u00bb background_size=\u00bbinitial\u00bb background_position=\u00bbtop_left\u00bb background_repeat=\u00bbrepeat\u00bb width=\u00bb85%\u00bb custom_margin=\u00bb150px||||false|false\u00bb custom_margin_tablet=\u00bb150px||||false|false\u00bb custom_margin_phone=\u00bb160px||||false|false\u00bb custom_margin_last_edited=\u00bbon|desktop\u00bb custom_padding=\u00bb0px|||||\u00bb global_colors_info=\u00bb{}\u00bb][et_pb_column type=\u00bb4_4&#8243; _builder_version=\u00bb4.16&#8243; custom_padding=\u00bb|||\u00bb global_colors_info=\u00bb{}\u00bb custom_padding__hover=\u00bb|||\u00bb][et_pb_text admin_label=\u00bbText\u00bb _builder_version=\u00bb4.27.5&#8243; background_size=\u00bbinitial\u00bb background_position=\u00bbtop_left\u00bb background_repeat=\u00bbrepeat\u00bb global_colors_info=\u00bb{}\u00bb]<\/p>\n<p>En cumplimiento del art\u00edculo 10 de la Ley 34\/2002, de 11 de julio, de Servicios de la Sociedad de la Informaci\u00f3n y de Comercio Electr\u00f3nico (LSSICE), se informa de los siguientes datos:<\/p>\n<p><b>Titular:<\/b><span style=\"font-weight: 400;\"> Patricia Berenguer<\/span><span style=\"font-weight: 400;\"><br \/><\/span><b>NIF:<\/b><span style=\"font-weight: 400;\"> 74723954J<\/span><span style=\"font-weight: 400;\"><br \/><\/span><b>Domicilio profesional:<\/b><span style=\"font-weight: 400;\"> Calle Cervantes, n\u00ba 104 \u2013 El Ejido \u2013 Almer\u00eda<\/span><span style=\"font-weight: 400;\"><br \/><\/span><b>Tel\u00e9fono:<\/b><span style=\"font-weight: 400;\"> 727 79 05 79 (cita previa)<\/span><span style=\"font-weight: 400;\"><br \/><\/span><b>Correo electr\u00f3nico:<\/b><span style=\"font-weight: 400;\"> patberenguer.arq@gmail.com<\/span><\/p>\n<p><span style=\"font-weight: 400;\">El presente Aviso Legal regula el uso del sitio web:<\/span><span style=\"font-weight: 400;\"><br \/><\/span><a href=\"about:blank\"><b>https:\/\/patriciaberenguer.com\/<\/b><\/a><\/p>\n<p><b>Uso del sitio web<\/b><\/p>\n<p><span style=\"font-weight: 400;\">El acceso y navegaci\u00f3n por este sitio web atribuye la condici\u00f3n de usuario, implicando la aceptaci\u00f3n plena de las presentes condiciones. El acceso a la web no supone, en ning\u00fan caso, el inicio de una relaci\u00f3n profesional o contractual.<\/span><\/p>\n<p><b>Legislaci\u00f3n y jurisdicci\u00f3n<\/b><\/p>\n<p><span style=\"font-weight: 400;\">Las relaciones entre la titular del sitio web y los usuarios se rigen por la legislaci\u00f3n espa\u00f1ola, siendo competentes los juzgados y tribunales del territorio espa\u00f1ol.<\/span><\/p>\n<p><b>Propiedad intelectual e industrial<\/b><\/p>\n<p><span style=\"font-weight: 400;\">Todos los contenidos del sitio web (textos, im\u00e1genes, dise\u00f1o gr\u00e1fico, planos, logotipos, estructura y dem\u00e1s elementos) son titularidad de Patricia Berenguer o cuentan con licencia para su uso, quedando prohibida su reproducci\u00f3n, distribuci\u00f3n o comunicaci\u00f3n p\u00fablica sin autorizaci\u00f3n expresa.<\/span><\/p>\n<p><b>Responsabilidad<\/b><\/p>\n<p><span style=\"font-weight: 400;\">La titular se reserva el derecho a modificar, actualizar o eliminar los contenidos del sitio web sin previo aviso. No se asume responsabilidad alguna por los contenidos de enlaces externos que puedan aparecer, los cuales tienen finalidad meramente informativa.<\/span><\/p>\n<p>[\/et_pb_text][\/et_pb_column][\/et_pb_row][\/et_pb_section]<\/p>","protected":false},"excerpt":{"rendered":"<p>En cumplimiento del art\u00edculo 10 de la Ley 34\/2002, de 11 de julio, de Servicios de la Sociedad de la Informaci\u00f3n y de Comercio Electr\u00f3nico (LSSICE), se informa de los siguientes datos: Titular: Patricia BerenguerNIF: 74723954JDomicilio profesional: Calle Cervantes, n\u00ba 104 \u2013 El Ejido \u2013 Almer\u00edaTel\u00e9fono: 727 79 05 79 (cita previa)Correo electr\u00f3nico: patberenguer.arq@gmail.com El [&hellip;]<\/p>","protected":false},"author":2,"featured_media":0,"parent":0,"menu_order":0,"comment_status":"closed","ping_status":"closed","template":"","meta":{"_et_pb_use_builder":"on","_et_pb_old_content":"","_et_gb_content_width":"","footnotes":""},"class_list":["post-370","page","type-page","status-publish","hentry"],"yoast_head":"<!-- This site is optimized with the Yoast SEO plugin v26.7 - https:\/\/yoast.com\/wordpress\/plugins\/seo\/ -->\n<title>AVISO LEGAL - Patricia Berenguer<\/title>\n<meta name=\"robots\" content=\"index, follow, max-snippet:-1, max-image-preview:large, max-video-preview:-1\" \/>\n<link rel=\"canonical\" href=\"https:\/\/patriciaberenguer.com\/en\/aviso-legal\/\" \/>\n<meta property=\"og:locale\" content=\"en_GB\" \/>\n<meta property=\"og:type\" content=\"article\" \/>\n<meta property=\"og:title\" content=\"AVISO LEGAL - Patricia Berenguer\" \/>\n<meta property=\"og:description\" content=\"En cumplimiento del art\u00edculo 10 de la Ley 34\/2002, de 11 de julio, de Servicios de la Sociedad de la Informaci\u00f3n y de Comercio Electr\u00f3nico (LSSICE), se informa de los siguientes datos: Titular: Patricia BerenguerNIF: 74723954JDomicilio profesional: Calle Cervantes, n\u00ba 104 \u2013 El Ejido \u2013 Almer\u00edaTel\u00e9fono: 727 79 05 79 (cita previa)Correo electr\u00f3nico: patberenguer.arq@gmail.com El [&hellip;]\" \/>\n<meta property=\"og:url\" content=\"https:\/\/patriciaberenguer.com\/en\/aviso-legal\/\" \/>\n<meta property=\"og:site_name\" content=\"Patricia Berenguer\" \/>\n<meta property=\"article:modified_time\" content=\"2026-01-28T13:24:44+00:00\" \/>\n<meta name=\"twitter:card\" content=\"summary_large_image\" \/>\n<script type=\"application\/ld+json\" class=\"yoast-schema-graph\">{\"@context\":\"https:\/\/schema.org\",\"@graph\":[{\"@type\":\"WebPage\",\"@id\":\"https:\/\/patriciaberenguer.com\/aviso-legal\/\",\"url\":\"https:\/\/patriciaberenguer.com\/aviso-legal\/\",\"name\":\"AVISO LEGAL - Patricia Berenguer\",\"isPartOf\":{\"@id\":\"https:\/\/patriciaberenguer.com\/#website\"},\"datePublished\":\"2026-01-28T13:18:07+00:00\",\"dateModified\":\"2026-01-28T13:24:44+00:00\",\"breadcrumb\":{\"@id\":\"https:\/\/patriciaberenguer.com\/aviso-legal\/#breadcrumb\"},\"inLanguage\":\"en-GB\",\"potentialAction\":[{\"@type\":\"ReadAction\",\"target\":[\"https:\/\/patriciaberenguer.com\/aviso-legal\/\"]}]},{\"@type\":\"BreadcrumbList\",\"@id\":\"https:\/\/patriciaberenguer.com\/aviso-legal\/#breadcrumb\",\"itemListElement\":[{\"@type\":\"ListItem\",\"position\":1,\"name\":\"Portada\",\"item\":\"https:\/\/patriciaberenguer.com\/\"},{\"@type\":\"ListItem\",\"position\":2,\"name\":\"AVISO LEGAL\"}]},{\"@type\":\"WebSite\",\"@id\":\"https:\/\/patriciaberenguer.com\/#website\",\"url\":\"https:\/\/patriciaberenguer.com\/\",\"name\":\"Patricia Berenguer\",\"description\":\"Arquitecta &amp; Dise&ntilde;adora de Interiores en El Ejido\",\"publisher\":{\"@id\":\"https:\/\/patriciaberenguer.com\/#organization\"},\"potentialAction\":[{\"@type\":\"SearchAction\",\"target\":{\"@type\":\"EntryPoint\",\"urlTemplate\":\"https:\/\/patriciaberenguer.com\/?s={search_term_string}\"},\"query-input\":{\"@type\":\"PropertyValueSpecification\",\"valueRequired\":true,\"valueName\":\"search_term_string\"}}],\"inLanguage\":\"en-GB\"},{\"@type\":\"Organization\",\"@id\":\"https:\/\/patriciaberenguer.com\/#organization\",\"name\":\"Patricia Berenguer\",\"url\":\"https:\/\/patriciaberenguer.com\/\",\"logo\":{\"@type\":\"ImageObject\",\"inLanguage\":\"en-GB\",\"@id\":\"https:\/\/patriciaberenguer.com\/#\/schema\/logo\/image\/\",\"url\":\"https:\/\/patriciaberenguer.com\/wp-content\/uploads\/2025\/12\/LOGOS-02-scaled.png\",\"contentUrl\":\"https:\/\/patriciaberenguer.com\/wp-content\/uploads\/2025\/12\/LOGOS-02-scaled.png\",\"width\":2560,\"height\":1360,\"caption\":\"Patricia Berenguer\"},\"image\":{\"@id\":\"https:\/\/patriciaberenguer.com\/#\/schema\/logo\/image\/\"}}]}<\/script>\n<!-- \/ Yoast SEO plugin. -->","yoast_head_json":{"title":"AVISO LEGAL - Patricia Berenguer","robots":{"index":"index","follow":"follow","max-snippet":"max-snippet:-1","max-image-preview":"max-image-preview:large","max-video-preview":"max-video-preview:-1"},"canonical":"https:\/\/patriciaberenguer.com\/en\/aviso-legal\/","og_locale":"en_GB","og_type":"article","og_title":"AVISO LEGAL - Patricia Berenguer","og_description":"En cumplimiento del art\u00edculo 10 de la Ley 34\/2002, de 11 de julio, de Servicios de la Sociedad de la Informaci\u00f3n y de Comercio Electr\u00f3nico (LSSICE), se informa de los siguientes datos: Titular: Patricia BerenguerNIF: 74723954JDomicilio profesional: Calle Cervantes, n\u00ba 104 \u2013 El Ejido \u2013 Almer\u00edaTel\u00e9fono: 727 79 05 79 (cita previa)Correo electr\u00f3nico: patberenguer.arq@gmail.com El [&hellip;]","og_url":"https:\/\/patriciaberenguer.com\/en\/aviso-legal\/","og_site_name":"Patricia Berenguer","article_modified_time":"2026-01-28T13:24:44+00:00","twitter_card":"summary_large_image","schema":{"@context":"https:\/\/schema.org","@graph":[{"@type":"WebPage","@id":"https:\/\/patriciaberenguer.com\/aviso-legal\/","url":"https:\/\/patriciaberenguer.com\/aviso-legal\/","name":"AVISO LEGAL - Patricia Berenguer","isPartOf":{"@id":"https:\/\/patriciaberenguer.com\/#website"},"datePublished":"2026-01-28T13:18:07+00:00","dateModified":"2026-01-28T13:24:44+00:00","breadcrumb":{"@id":"https:\/\/patriciaberenguer.com\/aviso-legal\/#breadcrumb"},"inLanguage":"en-GB","potentialAction":[{"@type":"ReadAction","target":["https:\/\/patriciaberenguer.com\/aviso-legal\/"]}]},{"@type":"BreadcrumbList","@id":"https:\/\/patriciaberenguer.com\/aviso-legal\/#breadcrumb","itemListElement":[{"@type":"ListItem","position":1,"name":"Portada","item":"https:\/\/patriciaberenguer.com\/"},{"@type":"ListItem","position":2,"name":"AVISO LEGAL"}]},{"@type":"WebSite","@id":"https:\/\/patriciaberenguer.com\/#website","url":"https:\/\/patriciaberenguer.com\/","name":"Patricia Berenguer","description":"Arquitecta &amp; Dise&ntilde;adora de Interiores en El Ejido","publisher":{"@id":"https:\/\/patriciaberenguer.com\/#organization"},"potentialAction":[{"@type":"SearchAction","target":{"@type":"EntryPoint","urlTemplate":"https:\/\/patriciaberenguer.com\/?s={search_term_string}"},"query-input":{"@type":"PropertyValueSpecification","valueRequired":true,"valueName":"search_term_string"}}],"inLanguage":"en-GB"},{"@type":"Organization","@id":"https:\/\/patriciaberenguer.com\/#organization","name":"Patricia Berenguer","url":"https:\/\/patriciaberenguer.com\/","logo":{"@type":"ImageObject","inLanguage":"en-GB","@id":"https:\/\/patriciaberenguer.com\/#\/schema\/logo\/image\/","url":"https:\/\/patriciaberenguer.com\/wp-content\/uploads\/2025\/12\/LOGOS-02-scaled.png","contentUrl":"https:\/\/patriciaberenguer.com\/wp-content\/uploads\/2025\/12\/LOGOS-02-scaled.png","width":2560,"height":1360,"caption":"Patricia Berenguer"},"image":{"@id":"https:\/\/patriciaberenguer.com\/#\/schema\/logo\/image\/"}}]}},"_links":{"self":[{"href":"https:\/\/patriciaberenguer.com\/en\/wp-json\/wp\/v2\/pages\/370","targetHints":{"allow":["GET"]}}],"collection":[{"href":"https:\/\/patriciaberenguer.com\/en\/wp-json\/wp\/v2\/pages"}],"about":[{"href":"https:\/\/patriciaberenguer.com\/en\/wp-json\/wp\/v2\/types\/page"}],"author":[{"embeddable":true,"href":"https:\/\/patriciaberenguer.com\/en\/wp-json\/wp\/v2\/users\/2"}],"replies":[{"embeddable":true,"href":"https:\/\/patriciaberenguer.com\/en\/wp-json\/wp\/v2\/comments?post=370"}],"version-history":[{"count":3,"href":"https:\/\/patriciaberenguer.com\/en\/wp-json\/wp\/v2\/pages\/370\/revisions"}],"predecessor-version":[{"id":378,"href":"https:\/\/patriciaberenguer.com\/en\/wp-json\/wp\/v2\/pages\/370\/revisions\/378"}],"wp:attachment":[{"href":"https:\/\/patriciaberenguer.com\/en\/wp-json\/wp\/v2\/media?parent=370"}],"curies":[{"name":"wp","href":"https:\/\/api.w.org\/{rel}","templated":true}]}}

<p>[et_pb_section fb_built=»1&#8243; admin_label=»section» _builder_version=»4.27.5&#8243; background_color=»#F7F2EF» global_colors_info=»{}»][et_pb_row admin_label=»row» _builder_version=»4.27.5&#8243; background_enable_color=»off» background_size=»initial» background_position=»top_left» background_repeat=»repeat» width=»85%» custom_margin=»150px||||false|false» custom_margin_tablet=»150px||||false|false» custom_margin_phone=»160px||||false|false» custom_margin_last_edited=»on|desktop» custom_padding=»0px|||||» global_colors_info=»{}»][et_pb_column type=»4_4&#8243; _builder_version=»4.16&#8243; custom_padding=»|||» global_colors_info=»{}» custom_padding__hover=»|||»][et_pb_text admin_label=»Text» _builder_version=»4.27.5&#8243; background_size=»initial» background_position=»top_left» background_repeat=»repeat» global_colors_info=»{}»]</p>
<p>En cumplimiento del artículo 10 de la Ley 34/2002, de 11 de julio, de Servicios de la Sociedad de la Información y de Comercio Electrónico (LSSICE), se informa de los siguientes datos:</p>
<p><b>Titular:</b><span style="font-weight: 400;"> Patricia Berenguer</span><span style="font-weight: 400;"><br /></span><b>NIF:</b><span style="font-weight: 400;"> 74723954J</span><span style="font-weight: 400;"><br /></span><b>Domicilio profesional:</b><span style="font-weight: 400;"> Calle Cervantes, nº 104 – El Ejido – Almería</span><span style="font-weight: 400;"><br /></span><b>Teléfono:</b><span style="font-weight: 400;"> 727 79 05 79 (cita previa)</span><span style="font-weight: 400;"><br /></span><b>Correo electrónico:</b><span style="font-weight: 400;"> patberenguer.arq@gmail.com</span></p>
<p><span style="font-weight: 400;">El presente Aviso Legal regula el uso del sitio web:</span><span style="font-weight: 400;"><br /></span><a href="about:blank"><b>https://patriciaberenguer.com/</b></a></p>
<p><b>Uso del sitio web</b></p>
<p><span style="font-weight: 400;">El acceso y navegación por este sitio web atribuye la condición de usuario, implicando la aceptación plena de las presentes condiciones. El acceso a la web no supone, en ningún caso, el inicio de una relación profesional o contractual.</span></p>
<p><b>Legislación y jurisdicción</b></p>
<p><span style="font-weight: 400;">Las relaciones entre la titular del sitio web y los usuarios se rigen por la legislación española, siendo competentes los juzgados y tribunales del territorio español.</span></p>
<p><b>Propiedad intelectual e industrial</b></p>
<p><span style="font-weight: 400;">Todos los contenidos del sitio web (textos, imágenes, diseño gráfico, planos, logotipos, estructura y demás elementos) son titularidad de Patricia Berenguer o cuentan con licencia para su uso, quedando prohibida su reproducción, distribución o comunicación pública sin autorización expresa.</span></p>
<p><b>Responsabilidad</b></p>
<p><span style="font-weight: 400;">La titular se reserva el derecho a modificar, actualizar o eliminar los contenidos del sitio web sin previo aviso. No se asume responsabilidad alguna por los contenidos de enlaces externos que puedan aparecer, los cuales tienen finalidad meramente informativa.</span></p>
<p>[/et_pb_text][/et_pb_column][/et_pb_row][/et_pb_section]</p>

<p>En cumplimiento del artículo 10 de la Ley 34/2002, de 11 de julio, de Servicios de la Sociedad de la Información y de Comercio Electrónico (LSSICE), se informa de los siguientes datos: Titular: Patricia BerenguerNIF: 74723954JDomicilio profesional: Calle Cervantes, nº 104 – El Ejido – AlmeríaTeléfono: 727 79 05 79 (cita previa)Correo electrónico: patberenguer.arq@gmail.com El [&hellip;]</p>

<!-- This site is optimized with the Yoast SEO plugin v26.7 - https://yoast.com/wordpress/plugins/seo/ -->
<title>AVISO LEGAL - Patricia Berenguer</title>
<meta name="robots" content="index, follow, max-snippet:-1, max-image-preview:large, max-video-preview:-1" />
<link rel="canonical" href="https://patriciaberenguer.com/en/aviso-legal/" />
<meta property="og:locale" content="en_GB" />
<meta property="og:type" content="article" />
<meta property="og:title" content="AVISO LEGAL - Patricia Berenguer" />
<meta property="og:description" content="En cumplimiento del artículo 10 de la Ley 34/2002, de 11 de julio, de Servicios de la Sociedad de la Información y de Comercio Electrónico (LSSICE), se informa de los siguientes datos: Titular: Patricia BerenguerNIF: 74723954JDomicilio profesional: Calle Cervantes, nº 104 – El Ejido – AlmeríaTeléfono: 727 79 05 79 (cita previa)Correo electrónico: patberenguer.arq@gmail.com El [&hellip;]" />
<meta property="og:url" content="https://patriciaberenguer.com/en/aviso-legal/" />
<meta property="og:site_name" content="Patricia Berenguer" />
<meta property="article:modified_time" content="2026-01-28T13:24:44+00:00" />
<meta name="twitter:card" content="summary_large_image" />
<script type="application/ld+json" class="yoast-schema-graph">{"@context":"https://schema.org","@graph":[{"@type":"WebPage","@id":"https://patriciaberenguer.com/aviso-legal/","url":"https://patriciaberenguer.com/aviso-legal/","name":"AVISO LEGAL - Patricia Berenguer","isPartOf":{"@id":"https://patriciaberenguer.com/#website"},"datePublished":"2026-01-28T13:18:07+00:00","dateModified":"2026-01-28T13:24:44+00:00","breadcrumb":{"@id":"https://patriciaberenguer.com/aviso-legal/#breadcrumb"},"inLanguage":"en-GB","potentialAction":[{"@type":"ReadAction","target":["https://patriciaberenguer.com/aviso-legal/"]}]},{"@type":"BreadcrumbList","@id":"https://patriciaberenguer.com/aviso-legal/#breadcrumb","itemListElement":[{"@type":"ListItem","position":1,"name":"Portada","item":"https://patriciaberenguer.com/"},{"@type":"ListItem","position":2,"name":"AVISO LEGAL"}]},{"@type":"WebSite","@id":"https://patriciaberenguer.com/#website","url":"https://patriciaberenguer.com/","name":"Patricia Berenguer","description":"Arquitecta &amp; Dise&ntilde;adora de Interiores en El Ejido","publisher":{"@id":"https://patriciaberenguer.com/#organization"},"potentialAction":[{"@type":"SearchAction","target":{"@type":"EntryPoint","urlTemplate":"https://patriciaberenguer.com/?s={search_term_string}"},"query-input":{"@type":"PropertyValueSpecification","valueRequired":true,"valueName":"search_term_string"}}],"inLanguage":"en-GB"},{"@type":"Organization","@id":"https://patriciaberenguer.com/#organization","name":"Patricia Berenguer","url":"https://patriciaberenguer.com/","logo":{"@type":"ImageObject","inLanguage":"en-GB","@id":"https://patriciaberenguer.com/#/schema/logo/image/","url":"https://patriciaberenguer.com/wp-content/uploads/2025/12/LOGOS-02-scaled.png","contentUrl":"https://patriciaberenguer.com/wp-content/uploads/2025/12/LOGOS-02-scaled.png","width":2560,"height":1360,"caption":"Patricia Berenguer"},"image":{"@id":"https://patriciaberenguer.com/#/schema/logo/image/"}}]}</script>
<!-- / Yoast SEO plugin. -->

En cumplimiento del artículo 10 de la Ley 34/2002, de 11 de julio, de Servicios de la Sociedad de la Información y de Comercio Electrónico (LSSICE), se informa de los siguientes datos: Titular: Patricia BerenguerNIF: 74723954JDomicilio profesional: Calle Cervantes, nº 104 – El Ejido – AlmeríaTeléfono: 727 79 05 79 (cita previa)Correo electrónico: patberenguer.arq@gmail.com El [&hellip;]
